{"id":57,"date":"2023-10-20T16:44:08","date_gmt":"2023-10-20T14:44:08","guid":{"rendered":"http:\/\/sadb.be\/?page_id=57"},"modified":"2023-10-29T17:15:40","modified_gmt":"2023-10-29T16:15:40","slug":"mentions-legales","status":"publish","type":"page","link":"https:\/\/sadb.be\/?page_id=57","title":{"rendered":"Mentions l\u00e9gales"},"content":{"rendered":"\n<h1 class=\"wp-block-heading has-text-color\" style=\"color:#4da9bf\">Mentions l\u00e9gales<\/h1>\n\n\n\n<figure class=\"wp-block-image size-large is-resized\"><img loading=\"lazy\" decoding=\"async\" width=\"1024\" height=\"1024\" src=\"http:\/\/sadb.be\/wp-content\/uploads\/2023\/10\/Logo_SADB_500x500_02-1024x1024.png\" alt=\"logo sadb\" class=\"wp-image-73\" style=\"aspect-ratio:1;width:94px;height:auto\" srcset=\"https:\/\/sadb.be\/wp-content\/uploads\/2023\/10\/Logo_SADB_500x500_02-1024x1024.png 1024w, https:\/\/sadb.be\/wp-content\/uploads\/2023\/10\/Logo_SADB_500x500_02-300x300.png 300w, https:\/\/sadb.be\/wp-content\/uploads\/2023\/10\/Logo_SADB_500x500_02-150x150.png 150w, https:\/\/sadb.be\/wp-content\/uploads\/2023\/10\/Logo_SADB_500x500_02-768x768.png 768w, https:\/\/sadb.be\/wp-content\/uploads\/2023\/10\/Logo_SADB_500x500_02-1080x1080.png 1080w, https:\/\/sadb.be\/wp-content\/uploads\/2023\/10\/Logo_SADB_500x500_02.png 1181w\" sizes=\"auto, (max-width: 1024px) 100vw, 1024px\" \/><\/figure>\n\n\n\n<div class=\"wp-block-group\"><div class=\"wp-block-group__inner-container is-layout-constrained wp-block-group-is-layout-constrained\">\n<div class=\"wp-block-group\"><div class=\"wp-block-group__inner-container is-layout-constrained wp-block-group-is-layout-constrained\">\n<div class=\"wp-block-group is-vertical is-layout-flex wp-container-core-group-is-layout-8cf370e7 wp-block-group-is-layout-flex\">\n<p><strong>Responsable de la publication :<\/strong><br>Azouz BOUFARES<br>T\u00e9l. : +32 483 292 876<br>E-mail : contact@sadb.be<br>Adresse :<br>Avenue Marcel THIRY N\u00b016, BP17<br>Woluwe-Saint-Lambert<br>1200 BRUXELLES<\/p>\n\n\n\n<p>N\u00b0 SIREN : 0849138493<\/p>\n<\/div>\n<\/div><\/div>\n<\/div><\/div>\n\n\n\n<p><\/p>\n\n\n\n<p><\/p>\n\n\n\n<figure class=\"wp-block-image size-full is-resized\"><a href=\"http:\/\/www.attilastudio.fr\/\" target=\"_blank\" rel=\"noreferrer noopener\"><img loading=\"lazy\" decoding=\"async\" width=\"591\" height=\"591\" src=\"http:\/\/sadb.be\/wp-content\/uploads\/2023\/10\/attilastudio_2_300dpi.png\" alt=\"logo attilastudio\" class=\"wp-image-222\" style=\"aspect-ratio:1;width:99px;height:auto\" srcset=\"https:\/\/sadb.be\/wp-content\/uploads\/2023\/10\/attilastudio_2_300dpi.png 591w, https:\/\/sadb.be\/wp-content\/uploads\/2023\/10\/attilastudio_2_300dpi-300x300.png 300w, https:\/\/sadb.be\/wp-content\/uploads\/2023\/10\/attilastudio_2_300dpi-150x150.png 150w\" sizes=\"auto, (max-width: 591px) 100vw, 591px\" \/><\/a><\/figure>\n\n\n\n<p><strong>Responsable de la gestion du site :<\/strong><br>Emmanuel VIAU<br>T\u00e9l. : +33 630 074 881<br>E-mail : contact@attilastudio.fr<br>Adresse :<br>TIPI Portage \u2013 Emmanuel VIAU<br>215 Bd Burdeau<br>69400 Villefranche-sur-Sa\u00f4ne<br>SIREN : 480 126 838 00022<br>Code APE : 7830Z<br>N\u00b0 TVA intra : FR 75 480 126 838 00014<\/p>\n\n\n\n<figure class=\"wp-block-image size-full is-resized\"><img loading=\"lazy\" decoding=\"async\" width=\"471\" height=\"279\" src=\"http:\/\/sadb.be\/wp-content\/uploads\/2023\/10\/logo_ovh-100.png\" alt=\"\" class=\"wp-image-67\" style=\"aspect-ratio:1.6881720430107527;width:62px;height:auto\" srcset=\"https:\/\/sadb.be\/wp-content\/uploads\/2023\/10\/logo_ovh-100.png 471w, https:\/\/sadb.be\/wp-content\/uploads\/2023\/10\/logo_ovh-100-300x178.png 300w\" sizes=\"auto, (max-width: 471px) 100vw, 471px\" \/><\/figure>\n\n\n\n<p><strong>H\u00e9bergeur du site :<\/strong><br>OVH \u2013 SAS au capital de 500 000 \u20ac<br>Si\u00e8ge social :<br>2 rue Kellermann<br>BP 80157<br>59053 ROUBAIX CEDEX 1 \u2013 France<br>RCS Roubaix \u2013 Tourcoing 424 761 419 00011<br>Code APE : 6202A<br>N\u00b0 TVA intra : FR 22 424 761 419 00011<\/p>\n\n\n\n<p><strong>Informatique et libert\u00e9s<\/strong><br>Conform\u00e9ment \u00e0 l\u2019article 34 de la loi \u00ab&nbsp;Informatique et Libert\u00e9s&nbsp;\u00bb, toute personne dispose d\u2019un droit d\u2019acc\u00e8s, de modification, de rectification et de suppression des donn\u00e9es conserv\u00e9es. Pour l\u2019exercer, vous pouvez vous adresser \u00e0 l\u2019administrateur du site 314etudes.<br><strong>Pr\u00e9cisions d\u2019adh\u00e9sion<\/strong><br>Bien que le contenu soit&nbsp;minutieusement contr\u00f4l\u00e9, nous ne prenons pas en charge les liens externes. Le contenu des liens externes se trouvant sur notre site est \u00e0 la responsabilit\u00e9 de leurs auteurs.<br>Sur notre site, se trouvent des liens vers d\u2019autres sites sur internet. Nous ne sommes en aucun cas responsables, ni du contenu quel qu\u2019il soit, ni de l\u2019influence de ces sites.<\/p>\n","protected":false},"excerpt":{"rendered":"<p>Mentions l\u00e9gales Responsable de la publication :Azouz BOUFAREST\u00e9l. : +32 483 292 876E-mail : contact@sadb.beAdresse :Avenue Marcel THIRY N\u00b016, BP17Woluwe-Saint-Lambert1200 BRUXELLES N\u00b0 SIREN : 0849138493 Responsable de la gestion du site :Emmanuel VIAUT\u00e9l. : +33 630 074 881E-mail : contact@attilastudio.frAdresse :TIPI Portage \u2013 Emmanuel VIAU215 Bd Burdeau69400 Villefranche-sur-Sa\u00f4neSIREN : 480 126 838 00022Code APE :&hellip; <br \/> <a class=\"read-more\" href=\"https:\/\/sadb.be\/?page_id=57\">Lire la suite<\/a><\/p>\n","protected":false},"author":1,"featured_media":0,"parent":0,"menu_order":0,"comment_status":"closed","ping_status":"closed","template":"","meta":{"footnotes":""},"class_list":["post-57","page","type-page","status-publish","hentry"],"_links":{"self":[{"href":"https:\/\/sadb.be\/index.php?rest_route=\/wp\/v2\/pages\/57","targetHints":{"allow":["GET"]}}],"collection":[{"href":"https:\/\/sadb.be\/index.php?rest_route=\/wp\/v2\/pages"}],"about":[{"href":"https:\/\/sadb.be\/index.php?rest_route=\/wp\/v2\/types\/page"}],"author":[{"embeddable":true,"href":"https:\/\/sadb.be\/index.php?rest_route=\/wp\/v2\/users\/1"}],"replies":[{"embeddable":true,"href":"https:\/\/sadb.be\/index.php?rest_route=%2Fwp%2Fv2%2Fcomments&post=57"}],"version-history":[{"count":10,"href":"https:\/\/sadb.be\/index.php?rest_route=\/wp\/v2\/pages\/57\/revisions"}],"predecessor-version":[{"id":261,"href":"https:\/\/sadb.be\/index.php?rest_route=\/wp\/v2\/pages\/57\/revisions\/261"}],"wp:attachment":[{"href":"https:\/\/sadb.be\/index.php?rest_route=%2Fwp%2Fv2%2Fmedia&parent=57"}],"curies":[{"name":"wp","href":"https:\/\/api.w.org\/{rel}","templated":true}]}}